{"id":813,"date":"2025-02-27T20:28:21","date_gmt":"2025-02-27T20:28:21","guid":{"rendered":"https:\/\/www.sprintprint.pl\/?post_type=product&#038;p=813"},"modified":"2025-02-28T21:45:04","modified_gmt":"2025-02-28T21:45:04","slug":"ulotki-2xa4-pion-297x420-mm-100-000-sztuk-kreda-blysk-130-g","status":"publish","type":"product","link":"https:\/\/www.sprintprint.pl\/index.php\/produkt\/ulotki-2xa4-pion-297x420-mm-100-000-sztuk-kreda-blysk-130-g\/","title":{"rendered":"Ulotki 2xA4 pion 297&#215;420 mm &#8211; kreda b\u0142ysk 130 g"},"content":{"rendered":"<p>Twoja bran\u017ca to handel lub us\u0142ugi? Zainwestuj w\u00a0<strong>druk ulotek!<\/strong>\u00a0Nie wydasz prawie nic, poniewa\u017c drukarnia internetowa oferuje wyj\u0105tkowo\u00a0<strong>tanie ulotki<\/strong>, bezp\u0142atn\u0105 przesy\u0142k\u0119, a do tego b\u0142yskawiczn\u0105 realizacj\u0119 zlecenia. Zyski z dystrybucji ulotek s\u0105 nie do przecenienia: zainteresowani ofert\u0105 klienci to bezcenna warto\u015b\u0107 w ka\u017cdym biznesie.<\/p>\n<p>Ulotki drukujemy na kartonie kredowym 130 gramowym.<\/p>\n","protected":false},"excerpt":{"rendered":"<ul>\n<li>format 2xA4 pionowy<\/li>\n<li>format przed z\u0142o\u017ceniem: A3 (297&#215;420 mm)<\/li>\n<li>kreda b\u0142ysk 130 g<\/li>\n<li>dwustronnie kolorowe<\/li>\n<li><strong>UWAGA<\/strong>: Cena obowi\u0105zuje w przypadku przes\u0142ania przez klienta na adres mailowy <strong>biuro@sprintprint.pl<\/strong> gotowego projektu ulotki<\/li>\n<\/ul>\n","protected":false},"featured_media":199,"comment_status":"open","ping_status":"closed","template":"","meta":[],"product_brand":[],"product_cat":[95,92],"product_tag":[82],"class_list":{"0":"post-813","1":"product","2":"type-product","3":"status-publish","4":"has-post-thumbnail","6":"product_cat-ulotki2a4pion","7":"product_cat-ulotkiskladane","8":"product_tag-najnizsza-cena-z-30-dni-przed-obnizka-to-przekreslona-cena-netto","10":"first","11":"instock","12":"sale","13":"taxable","14":"shipping-taxable","15":"purchasable","16":"product-type-variable"},"jetpack_sharing_enabled":true,"_links":{"self":[{"href":"https:\/\/www.sprintprint.pl\/index.php\/wp-json\/wp\/v2\/product\/813","targetHints":{"allow":["GET"]}}],"collection":[{"href":"https:\/\/www.sprintprint.pl\/index.php\/wp-json\/wp\/v2\/product"}],"about":[{"href":"https:\/\/www.sprintprint.pl\/index.php\/wp-json\/wp\/v2\/types\/product"}],"replies":[{"embeddable":true,"href":"https:\/\/www.sprintprint.pl\/index.php\/wp-json\/wp\/v2\/comments?post=813"}],"wp:featuredmedia":[{"embeddable":true,"href":"https:\/\/www.sprintprint.pl\/index.php\/wp-json\/wp\/v2\/media\/199"}],"wp:attachment":[{"href":"https:\/\/www.sprintprint.pl\/index.php\/wp-json\/wp\/v2\/media?parent=813"}],"wp:term":[{"taxonomy":"product_brand","embeddable":true,"href":"https:\/\/www.sprintprint.pl\/index.php\/wp-json\/wp\/v2\/product_brand?post=813"},{"taxonomy":"product_cat","embeddable":true,"href":"https:\/\/www.sprintprint.pl\/index.php\/wp-json\/wp\/v2\/product_cat?post=813"},{"taxonomy":"product_tag","embeddable":true,"href":"https:\/\/www.sprintprint.pl\/index.php\/wp-json\/wp\/v2\/product_tag?post=813"}],"curies":[{"name":"wp","href":"https:\/\/api.w.org\/{rel}","templated":true}]}}